 Calculate f(6).
-35
Let g(y) = 20*y**2 - 97*y + 464. What is g(5)?
479
Let g(a) = 10518*a - 84186. Calculate g(8).
-42
Let q(u) = 9*u**3 + 36*u**2 - 43*u + 9. Give q(1).
11
Let r(m) = 18*m**2 + 219*m + 237. Calculate r(-5).
-408
Let s(w) = -w**2 - 303*w + 399226. Calculate s(498).
328
Let r(c) = -1916*c - 40249. Calculate r(-21).
-13
Let g(i) = -6*i**2 + 2439*i - 214344. Give g(278).
-6
Let z(i) = 2*i**3 - 47*i**2 + 20*i + 221. Give z(0).
221
Let q(b) = -b**3 + 87*b**2 + 250*b + 1862. Calculate q(90).
62
Let r(a) = 2*a**3 + 65*a**2 + 43*a + 166. What is r(-32)?
-186
Let y(a) = -1072*a - 7632. Determine y(-9).
2016
Let i(l) = 1535*l + 30686. Give i(-20).
-14
Let q(m) = -268*m + 5205. Calculate q(20).
-155
Let f(p) = 5*p**3 + 97*p**2 + 2551*p + 14825. Give f(-7).
6
Let j(z) = z**2 + 102*z - 4879. What is j(28)?
-1239
Let t(c) = -327*c + 30667. What is t(94)?
-71
Let s(h) = 2864*h - 2548. Determine s(1).
316
Let b(i) = 867039*i + 9537424. Give b(-11).
-5
Let p(i) = 30*i**3 - 5*i**2 + 13*i - 13. Calculate p(2).
233
Let j(n) = 41158*n + 205778. Give j(-5).
-12
Let o(i) = -199*i + 6375. Determine o(31).
206
Let v(g) = -38*g**2 - 3443*g + 15859. Give v(-95).
-6
Let q(a) = -a**2 - 73*a + 45110. Give q(-252).
2
Let b(m) = -12*m**2 - 27060*m + 27062. Determine b(1).
-10
Let q(z) = -240*z + 1766. Determine q(12).
-1114
Let v(p) = -31*p - 4934. Calculate v(-163).
119
Let r(m) = -1245*m + 14539. Calculate r(11).
844
Let x(p) = -16*p**2 - 3012*p - 27057. Determine x(-9).
-1245
Let n(x) = -x**2 + 2624*x + 28998. What is n(-11)?
13
Let h(d) = -3107*d - 568587. Determine h(-183).
-6
Let g(x) = 216*x - 753. Determine g(0).
-753
Let h(v) = -2*v**2 - 247*v - 5620. Determine h(-30).
-10
Let g(y) = -y**3 - 7*y**2 - 124*y - 1050. Calculate g(-8).
6
Let w(m) = -m**3 - 7*m**2 + 47*m + 275. Determine w(-5).
-10
Let x(u) = -18*u**3 + 1276*u**2 + 103*u + 2784. Give x(71).
15
Let q(z) = -37*z**2 - 385*z - 51. What is q(-13)?
-1299
Let b(h) = -4*h**2 + 226*h + 1178. Give b(63).
-460
Let l(v) = 15*v**3 - 14*v**2 - 30*v + 45. What is l(1)?
16
Let v(b) = -178*b**2 + 3559*b + 66. What is v(20)?
46
Let a(y) = -35949*y + 647126. Calculate a(18).
44
Let n(w) = w**3 + 71*w**2 - 176*w - 2632. Give n(-73).
-442
Let u(o) = 150*o + 11191. Give u(-66).
1291
Let o(u) = u**3 - 41*u**2 + 82*u - 1584. What is o(40)?
96
Let k(d) = -203*d - 2184. What is k(-11)?
49
Let i(q) = q**3 - 94*q**2 + 432*q - 31531. Give i(93).
-4
Let k(y) = 2*y**2 - 21*y + 412. What is k(11)?
423
Let v(j) = -3000*j - 11722. What is v(-4)?
278
Let h(x) = -3612*x - 28268. What is h(-8)?
628
Let i(m) = -m**3 - 7*m**2 - 277*m + 2684. Determine i(7).
59
Let r(a) = 208*a**2 + 1063*a + 83. What is r(-5)?
-32
Let w(i) = -i**3 - 7*i**2 + 6939*i + 1677. What is w(80)?
-3
Let s(r) = -2354*r - 39669. Determine s(-16).
-2005
Let c(y) = 3*y**3 + 658*y**2 + 221*y + 461. What is c(-219)?
23
Let r(x) = 26709*x + 31650168. Determine r(-1185).
3
Let s(x) = -x**3 - 40*x**2 - 396*x - 312. Determine s(-24).
-24
Let j(f) = -1255*f**2 + 175702*f - 315. Determine j(140).
-35
Let f(g) = -g**3 - 116*g**2 - 1769*g - 484. What is f(-98)?
6
Let d(a) = 2*a**3 - 113*a**2 - 76*a + 1028. Determine d(57).
-55
Let y(r) = 174*r - 5585. Calculate y(30).
-365
Let h(n) = 269*n**2 - 5907*n - 261. What is h(22)?
-19
Let o(q) = 34411*q - 24156529. Calculate o(702).
-7
Let n(k) = -14*k**2 - 649*k + 1415. Give n(-52).
-2693
Let y(j) = -j**3 - 7*j**2 - 15*j - 44. Determine y(-6).
10
Let s(a) = -3*a**3 - 14*a**2 + 283*a + 42. Determine s(7).
308
Let g(n) = -n**3 - 6*n**2 - 119*n - 12. Calculate g(-12).
2280
Let n(g) = g**2 + 644*g + 50659. Give n(-552).
-125
Let j(z) = z**3 - 356*z**2 + 1036*z - 116096. What is j(354)?
16
Let p(a) = 4*a**3 - 119*a**2 - 204*a + 1516. Give p(31).
-3
Let f(s) = s**3 - 27*s**2 - 106*s - 297. Give f(30).
-777
Let p(r) = 8*r + 3424. What is p(-93)?
2680
Let o(m) = 3498*m - 3541. What is o(1)?
-43
Let b(t) = t**3 - 35*t**2 - 791*t + 28049. Determine b(34).
-1
Let f(a) = -23280*a + 93160. Give f(4).
40
Let r(g) = 3*g**3 + 40*g**2 - 22741*g + 661. Calculate r(-94).
3
Let w(b) = 2*b**2 + 219*b - 72219. Calculate w(-253).
392
Let r(z) = 2*z**3 - 5*z**2 - 271*z - 953. Give r(-7).
13
Let y(i) = -133577*i - 3740170. What is y(-28)?
-14
Let g(o) = -8*o**2 + 473*o + 203. What is g(25)?
7028
Let p(c) = -c**3 + 41*c**2 + 2394*c - 87711. What is p(33)?
3
Let x(n) = -502*n + 46638. Give x(93).
-48
Let n(w) = -7130*w - 1739748. Determine n(-244).
-28
Let l(r) = -439*r**3 + 4*r**2 - 437*r + 433. Determine l(1).
-439
Let o(i) = -i**2 - 1340*i - 4009. What is o(-3)?
2
Let u(z) = -2*z**3 + 54*z**2 + 5146*z + 112. Give u(66).
-20
Let c(z) = 2*z**3 - 144*z**2 - 793*z + 1671. What is c(77)?
-100
Let t(l) = -6*l**2 - 3823*l - 88288. Give t(-24).
8
Let l(n) = 58891*n - 343. Calculate l(0).
-343
Let k(z) = 3439*z + 45849. What is k(-13)?
1142
Let k(i) = 2*i**2 - 995*i - 4004. Determine k(-4).
8
Let w(c) = 19*c**2 - 7221*c - 66556. Determine w(-9).
-28
Let y(c) = -c**3 - c**2 + 830*c + 3. What is y(-30)?
1203
Let n(t) = 206*t + 1421. What is n(-11)?
-845
Let p(n) = 31*n**2 - 2323*n + 6980. Determine p(3).
290
Let t(g) = g**2 + 2842*g + 2006242. Give t(-1307).
-3
Let a(j) = 149*j**2 - 70*j - 146. Determine a(-2).
590
Let f(l) = 116*l + 21338. Calculate f(-180).
458
Let a(g) = 106*g**2 + 95*g - 162. What is a(2)?
452
Let i(c) = 128*c + 23438. Give i(-183).
14
Let f(u) = 4*u**3 + 43*u**2 - 45*u - 15. Give f(4).
749
Let x(g) = -17286*g + 69112. Determine x(4).
-32
Let s(f) = 74*f**2 + 5018*f - 958. What is s(-68)?
-6
Let v(t) = t**3 + 28*t**2 - 66*t + 1190. Determine v(-31).
353
Let v(a) = 7*a**3 - 95*a**2 - 796*a + 20. What is v(-6)?
-136
Let j(r) = -30*r**3 + 29*r**2 - 13*r - 4. Calculate j(3).
-592
Let g(l) = -l**3 - 44*l**2 - 441*l - 116. Give g(-22).
-1062
Let n(m) = -765*m**3 + 18*m - 18. Calculate n(1).
-765
Let u(x) = x**3 + 16*x**2 + 14*x - 247. Determine u(-5).
-42
Let k(o) = o**2 + 398612*o + 6776118. Determine k(-17).
3
Let s(l) = -l**3 - 8*l**2 + 6588*l + 65686. Calculate s(-10).
6
Let i(g) = -3558*g - 1519334. Calculate i(-427).
-68
Let g(t) = -563*t + 7715. Give g(14).
-167
Let j(v) = -13*v**3 - 405*v**2 - 108*v - 1349. Calculate j(-31).
77
Let g(h) = h**2 - 4709*h - 281315. Give g(-59).
-3
Let y(x) = 17*x**2 - 3893*x + 688. Calculate y(229).
688
Let d(n) = -25*n**2 + 41*n + 2. Give d(2).
-16
Let o(h) = -h**3 - 65*h**2 - 445*h - 2212. Calculate o(-58).
50
Let v(f) = -40*f - 1508. Calculate v(-38).
12
Let k(m) = -3*m**3 - 95*m**2 + 28*m - 360. Determine k(-32).
-232
Let h(t) = -1540*t - 23093. Calculate h(-15).
7
Let k(v) = 10*v**2 - 369*v + 1945. Calculate k(7).
-148
Let i(g) = -15*g**2 + 119*g + 142. Give i(10).
-168
Let u(a) = 3*a**3 - 150*a**2 - 1202*a + 283. Calculate u(57).
-2
Let q(u) = -559*u - 655. Calculate q(-2).
463
Let z(d) = -4*d**2 + 559*d + 2306. What is z(-4)?
6
Let x(q) = 12241*q + 832295. Calculate x(-68).
-93
Let o(q) = -2*q**3 + 33*q**2 - 732*q + 5265. What is o(9)?
-108
Let m(q) = -1616*q + 5921. What is m(4)?
-543
Let u(l) = 6992*l - 195749. Calculate u(28).
27
Let x(p) = -2*p**3 + 44*p**2 + 725*p - 145. Give x(33).
-178
Let h(n) = 930*n**3 - 4*n**2 + 25*n - 21. Calculate h(1).
930
Let h(i) = 5713*i - 28470. Determine h(5).
95
Let s(x) = 133*x**2 - 1982*x - 33109. Determine s(-10).
11
Let s(p) = -14*p**2 + 1320*p - 11755. Give s(10).
45
Let p(q) = 40074*q + 82993262. Give p(-2071).
8
Let m(v) = -2600*v + 1419589. Give m(546).
-11
Let k(q) = q**3 + 11*q**2 - 211*q + 27. What is k(0)?
27
Let w(h) = -2*h**3 - 56*h**2 - 124*h - 157. Determine w(-24).
-1789
Let c(n) = 41*n**2 - 21833*n - 10642. What is c(533)?
18
Let o(x) = -4*x**2 + 1655*x - 38486. Give o(389).
25
Let i(v) = 18*v**2 + 92*v + 272. Calculate i(-14).
2512
Let u(v) = 94921*v + 1518700. Give u(-16).
-36
Let g(l) = -775202*l + 3876008. Determine g(5).
-2
Let g(o) = -o**3 - 111*o**2 - 2930*o + 4999. What is g(-64)?
7
Let q(b) = -3016*b - 19901. Calculate q(-7).
1211
Let s(g) = 9352*g - 93696. What is s(10)?
-176
Let f(k) = -28*k**2 + 2638*k - 589. Give f(94).
-25
Let i(j) = 9*j**2 + 47*j + 62. Give i(9).
1214
Let d(x) = x**2 - 635*x + 55961. Give d(105).
311
Let r(h) = 5*h**3 + 50*h**2 - 177*h + 144. What is r(2)?
30
Let k(n) = -393*n**2 + 5870*n + 140. What is k(15